*z - 2*j = 2. Let f be 4*(2/4 - z). Let s(q) = -2*q**3 - 2*q**2 + 2. What is the remainder when 29 is divided by s(f)?
9
Suppose -10 + 2 = -4*h. Suppose -7 = u - 2*u. What is the remainder when u is divided by h?
1
Suppose 3*z - 5*a = 5*z + 12, 0 = -2*z + 2*a + 16. What is the remainder when 23 is divided by z?
3
Suppose 5*m + 222 - 631 = -3*s, 2*m + 2*s = 162. Calculate the remainder when m is divided by 17.
15
Let u(a) = a + 8. Suppose 5*c = 2*f - f + 1, 2*f = -3*c - 15. What is the remainder when 5 is divided by u(f)?
1
Let i be (-14)/(0 - 2 - -4). Let o(t) be the second derivative of -t**5/20 - t**4/2 + t**3/3 + 5*t**2/2 - t. Calculate the remainder when o(i) is divided by 14.
12
Suppose 2*h - 16 = 2*w, -30 = -3*h + 4*w - 6. Let i be 3 + 3/3 + -1. Suppose i*t - 3 = -4*j + 34, -4 = 2*j. Calculate the remainder when t is divided by h.
7
Let t = 44 - 9. Calculate the remainder when t is divided by (-1)/(-1 + (-44)/(-48)).
11
Suppose -c - 11 + 5 = 0. Let d(m) = m**2 - 2*m - 5. What is the remainder when d(c) is divided by 11?
10
Let u(s) = s + 8. Let c be u(-5). Let l = -41 + 134. Suppose -3*x - c*a + l = 0, 2*a - 147 + 4 = -5*x. What is the remainder when x is divided by 14?
13
Suppose 0 = -7*n - 2*n + 54. Calculate the remainder when 23 is divided by n.
5
Let i = 66 + -47. Let k(j) = j**3 + 7*j**2 + 1 - 2*j - j + 1. What is the remainder when k(-6) is divided by i?
18
Let b(u) = u + 15. Let n be b(-7). Suppose n*f - 4*f - 4 = 0. Calculate the remainder when 3 is divided by f.
0
What is the remainder when 100 + 2 + 2/(-1) is divided by 17?
15
Let g(d) = -d**3 + 4*d**2 + 4*d - 3. Let x = 0 - -1. Calculate the remainder when g(4) is divided by x/(-4) + (-84)/(-16).
3
Calculate the remainder when 119 is divided by 5/(-15) + (-363)/(-9).
39
Let d = 29 - 6. Calculate the remainder when d is divided by 5.
3
Let j(n) = -5 + 1 - 1 + 4 + 21*n. Calculate the remainder when j(1) is divided by 6.
2
Suppose 8 + 137 = 5*x. Calculate the remainder when (-4)/(-6) + (-250)/(-3) is divided by x.
26
Suppose -5*x + 15 + 18 = -2*b, 5*x - 13 = -3*b. Suppose 4*f - x - 7 = 0. What is the remainder when (0 + 7)*6/6 is divided by f?
1
Let q = 189 + -119. What is the remainder when q is divided by 24?
22
Let v = 0 - -8. What is the remainder when 23 is divided by v?
7
Let i = -35 + 42. What is the remainder when 24 is divided by i?
3
Suppose 22 - 32 = -5*n. What is the remainder when 7 is divided by n?
1
Suppose 2*o + 0 = 5*p + 1, p = -1. Let d = o - -14. What is the remainder when 105/5 - -1*1 is divided by d?
10
Suppose r + 1 = -x - 0, r + 4*x = -10. What is the remainder when 5 is divided by r?
1
Suppose -20 = -0*s - 5*s. What is the remainder when 6 is divided by s?
2
Calculate the remainder when 100/(-15)*(3*-1 - 0) is divided by 7.
6
Let p(n) = -12*n - 5. Let l be p(-4). Suppose 2*j + 47 = 3*c - 7, 0 = 2*c + j - l. Suppose 0 = -2*u - 0*u + c. What is the remainder when u is divided by 4?
2
Let w(v) = v**3 - 4*v**2 + 3*v + 2. Calculate the remainder when 41 is divided by w(4).
13
Let o = 3 + 11. Suppose 5*k - 301 = -31. What is the remainder when k is divided by o?
12
Suppose 33 + 14 = p. Suppose -p + 16 = -t. What is the remainder when t is divided by 11?
9
Let m = -13 - -27. Let f(q) = -2*q + 10. Let a be f(7). Calculate the remainder when (-320)/(-12) - a/(-6) is divided by m.
12
Let b(g) = 27*g - 2. Let w(x) = 14*x - 1. Let p(h) = -4*b(h) + 9*w(h). Calculate the remainder when 67 is divided by p(1).
16
Suppose -3*l + 5*v = -68, l = -2*l + 3*v + 66. What is the remainder when 60 is divided by l?
18
Let h be (-198)/12*2/(-3). Let w = 6 + h. Calculate the remainder when w is divided by 6.
5
Suppose 2*i + 2*b = 52, b - 89 = -4*i + 2*b. Calculate the remainder when i is divided by 21/(-28)*(-18 + 2).
11
Calculate the remainder when 57 is divided by (-6)/4*(-19 + 11).
9
Calculate the remainder when ((-114)/8)/((-1)/12) is divided by 29.
26
Suppose 3*d - 2*d + 4*j = 44, -3*d = -5*j - 64. What is the remainder when 111 is divided by d?
27
Suppose -4*l = 3*s - 14, -2*l - 7*s = -2*s. What is the remainder when l is divided by 3?
2
Suppose 5*w - 217 = 2*i, -4*w = -3*i - 2*i - 177. What is the remainder when w is divided by 11?
10
Let o = -6 - -10. Let w be 1 + o + 0 + -1. Suppose -u + 4*s = -0 - w, u + 4*s - 12 = 0. What is the remainder when u is divided by 5?
3
What is the remainder when 3 is divided by -2*2/(-4)*2?
1
Suppose 4*y + f = -2*f - 23, -5*f = -y. Let v = y - -20. What is the remainder when v is divided by 6?
3
Suppose -3*s + 2*l + 9 = 0, -3*l = 4*s - 4*l - 17. What is the remainder when 16 is divided by s?
1
Let p = 0 - -3. Suppose 5*x = 5*w + 45, -5*x + p*w + 38 = -7. Calculate the remainder when x is divided by 5.
4
Let c be 5/2*(59 - 1). Let i = -80 + c. Let g = i - 31. What is the remainder when g is divided by 12?
10
Suppose -2*b = 2*g - 132, 3*b + 5*g = 6*g + 182. Calculate the remainder when b is divided by 16.
14
Let o = 6 - 2. Calculate the remainder when o is divided by (-27)/(-6) - 12/8.
1
Let i = 32 - 23. Suppose -5*l - i = -74. Calculate the remainder when 2*-2*(-19)/2 is divided by l.
12
Let i be 2/(6/225) + 0. Let b = -39 + i. What is the remainder when b is divided by 13?
10
Let a(x) = 4*x**2 - x. Let l = -1 + 0. Let v be a(l). Let p(j) = j + 5. Calculate the remainder when p(v) is divided by 6.
4
Let i be -1*3/6*-14. Let q = -2 + i. Calculate the remainder when 13 is divided by q.
3
Suppose 132 = 5*x - 218. What is the remainder when x is divided by 12?
10
Suppose 6 = -3*t, t - 3*t - 124 = -2*y. Calculate the remainder when y is divided by 21.
18
Let h(s) = 5*s + 48. What is the remainder when 9 is divided by h(-9)?
0
Let z(p) = 11*p**2 + 2*p - 7. Calculate the remainder when z(2) is divided by 17.
7
Suppose 0 = -l + 4 + 1. Suppose 0*r + 22 = t + l*r, -47 = -3*t + 4*r. What is the remainder when 31 is divided by t?
14
Suppose 6*p - s - 35 = 5*p, 143 = 4*p - s. What is the remainder when 214 is divided by p?
34
Suppose -g = 5*j - 53, -3*g + 3*j + 69 = -0*j. Calculate the remainder when g is divided by 6.
4
Let w = 31 + -13. Let j(g) be the second derivative of g**5/20 + g**3/6 + 17*g**2 - 2*g. What is the remainder when j(0) is divided by w?
16
Let c(p) = 2*p**2 + p - 6. Let v be c(3). Suppose -v = -31*o + 30*o. Calculate the remainder when o is divided by 86/10 - 6/(-15).
6
Let g be (-6)/2 + 5/1. Suppose -v - 99 = -g*u, u - 59 + 17 = -2*v. Calculate the remainder when u is divided by 102/4 - 2/4.
23
Let c(n) = 9*n - 8. Let b(y) = 3*y - 3. Let o(r) = 8*b(r) - 3*c(r). What is the remainder when o(-6) is divided by 10?
8
Let m(k) = -k**2 + 4*k + 3. Let g be m(4). Suppose -g*q = -5*b + 73, -4*q - 3*b - 86 = 50. Let x = 69 + q. Calculate the remainder when x is divided by 10.
8
Suppose -5 = 5*r + 5. Let g be 1/4 + (-7)/(-4). What is the remainder when 65 - g*r/4 is divided by 17?
15
Suppose -5*w + 0*w = -160. Let v(k) = 2*k - 5. Let m(g) = 7*g - 14. Let a(o) = 4*m(o) - 11*v(o). Calculate the remainder when w is divided by a(2).
10
Let j(s) = 50*s**3 - 2*s + 1. What is the remainder when j(1) is divided by ((-13)/(-4))/(4/16)?
10
Let g be (-4)/(-30) + 1060/(-75). Let o = g + 7. Let z = o + 22. What is the remainder when 58 is divided by z?
13
Suppose 30 = 4*o - 38. Let j = o + -11. Calculate the remainder when 23 is divided by j.
5
Let q = 5 + -2. Let s(g) = g**3 - 4. What is the remainder when s(2) is divided by q?
1
Let r(s) = -2*s**3 + 2*s**2 - 3*s + 1. Let p be r(1). Calculate the remainder when 28 + p*(-6)/(-4) is divided by 13.
12
Suppose -4*b + 376 = -0*b. What is the remainder when b is divided by 19?
18
Suppose 0 = 2*x - x - 2. Suppose -x*b = b - 108. What is the remainder when 17 is divided by 351/b + 3/(-4)?
8
Suppose -t - 2*t + 5*n = -26, 44 = 2*t + 2*n. Let o = 72 + 27. Suppose 4*r - o - 101 = 0. Calculate the remainder when r is divided by t.
16
Suppose 4*h = -5*a + 36, 0*h - 37 = -4*a + 5*h. What is the remainder when 22 is divided by a?
6
Suppose -2*q = 10, 3*q + 0 = -4*a + 21. Calculate the remainder when (-212)/(-6) - (-1)/(-3) is divided by a.
8
Suppose 5*o = 2*s - 16, 5*s = 2*o + 6 + 55. Calculate the remainder when s is divided by 7.
6
Suppose c = -0*c + 35. Calculate the remainder when c is divided by 18.
17
Suppose 4*j 